[INFO] fetching crate weasel 0.11.0...
[INFO] checking weasel-0.11.0 against master#e6e4f7ed1589e03bc2f6c5931c1a72e7947e8682 for beta-170-4
[INFO] extracting crate weasel 0.11.0 into /workspace/builds/worker-1-tc2/source
[INFO] validating manifest of crates.io crate weasel 0.11.0 on toolchain e6e4f7ed1589e03bc2f6c5931c1a72e7947e8682
[INFO] running `Command { std: CARGO_HOME="/workspace/cargo-home" RUSTUP_HOME="/workspace/rustup-home" "/workspace/cargo-home/bin/cargo" "+e6e4f7ed1589e03bc2f6c5931c1a72e7947e8682" "metadata" "--manifest-path" "Cargo.toml" "--no-deps", kill_on_drop: false }`
[INFO] started tweaking crates.io crate weasel 0.11.0
[INFO] removed 7 missing examples
[INFO] removed 1 missing tests
[INFO] finished tweaking crates.io crate weasel 0.11.0
[INFO] tweaked toml for crates.io crate weasel 0.11.0 written to /workspace/builds/worker-1-tc2/source/Cargo.toml
[INFO] crate crates.io crate weasel 0.11.0 already has a lockfile, it will not be regenerated
[INFO] running `Command { std: CARGO_HOME="/workspace/cargo-home" RUSTUP_HOME="/workspace/rustup-home" "/workspace/cargo-home/bin/cargo" "+e6e4f7ed1589e03bc2f6c5931c1a72e7947e8682" "fetch" "--manifest-path" "Cargo.toml", kill_on_drop: false }`
[INFO] running `Command { std: "docker" "create" "-v" "/var/lib/crater-agent-workspace/builds/worker-1-tc2/target:/opt/rustwide/target:rw,Z" "-v" "/var/lib/crater-agent-workspace/builds/worker-1-tc2/source:/opt/rustwide/workdir:ro,Z" "-v" "/var/lib/crater-agent-workspace/cargo-home:/opt/rustwide/cargo-home:ro,Z" "-v" "/var/lib/crater-agent-workspace/rustup-home:/opt/rustwide/rustup-home:ro,Z" "-e" "SOURCE_DIR=/opt/rustwide/workdir" "-e" "CARGO_TARGET_DIR=/opt/rustwide/target" "-e" "CARGO_HOME=/opt/rustwide/cargo-home" "-e" "RUSTUP_HOME=/opt/rustwide/rustup-home" "-w" "/opt/rustwide/workdir" "-m" "1610612736" "--user" "0:0" "--network" "none" "ghcr.io/rust-lang/crates-build-env/linux@sha256:19e73879b68f455e41552ea35293514db52ea292d993f571636dbffedb77a1ee" "/opt/rustwide/cargo-home/bin/cargo" "+e6e4f7ed1589e03bc2f6c5931c1a72e7947e8682" "metadata" "--no-deps" "--format-version=1", kill_on_drop: false }`
[INFO] [stdout] 3df786530944f9b5d7d42b4ad86dc579ffb4ade3dfeb5349a81715b68d91adfc
[INFO] running `Command { std: "docker" "start" "-a" "3df786530944f9b5d7d42b4ad86dc579ffb4ade3dfeb5349a81715b68d91adfc", kill_on_drop: false }`
[INFO] running `Command { std: "docker" "inspect" "3df786530944f9b5d7d42b4ad86dc579ffb4ade3dfeb5349a81715b68d91adfc", kill_on_drop: false }`
[INFO] running `Command { std: "docker" "rm" "-f" "3df786530944f9b5d7d42b4ad86dc579ffb4ade3dfeb5349a81715b68d91adfc", kill_on_drop: false }`
[INFO] [stdout] 3df786530944f9b5d7d42b4ad86dc579ffb4ade3dfeb5349a81715b68d91adfc
[INFO] running `Command { std: "docker" "create" "-v" "/var/lib/crater-agent-workspace/builds/worker-1-tc2/target:/opt/rustwide/target:rw,Z" "-v" "/var/lib/crater-agent-workspace/builds/worker-1-tc2/source:/opt/rustwide/workdir:ro,Z" "-v" "/var/lib/crater-agent-workspace/cargo-home:/opt/rustwide/cargo-home:ro,Z" "-v" "/var/lib/crater-agent-workspace/rustup-home:/opt/rustwide/rustup-home:ro,Z" "-e" "SOURCE_DIR=/opt/rustwide/workdir" "-e" "CARGO_TARGET_DIR=/opt/rustwide/target" "-e" "CARGO_INCREMENTAL=0" "-e" "RUST_BACKTRACE=full" "-e" "RUSTFLAGS=--cap-lints=forbid" "-e" "RUSTDOCFLAGS=--cap-lints=forbid" "-e" "CARGO_HOME=/opt/rustwide/cargo-home" "-e" "RUSTUP_HOME=/opt/rustwide/rustup-home" "-w" "/opt/rustwide/workdir" "-m" "1610612736" "--user" "0:0" "--network" "none" "ghcr.io/rust-lang/crates-build-env/linux@sha256:19e73879b68f455e41552ea35293514db52ea292d993f571636dbffedb77a1ee" "/opt/rustwide/cargo-home/bin/cargo" "+e6e4f7ed1589e03bc2f6c5931c1a72e7947e8682" "check" "--frozen" "--all" "--all-targets" "--message-format=json", kill_on_drop: false }`
[INFO] [stdout] f33bd86f86d61e84ab557af3371a7ae296483b2323ca35dadadd2691ed693f99
[INFO] running `Command { std: "docker" "start" "-a" "f33bd86f86d61e84ab557af3371a7ae296483b2323ca35dadadd2691ed693f99", kill_on_drop: false }`
[INFO] [stderr]    Compiling autocfg v1.0.1
[INFO] [stderr]    Compiling serde v1.0.117
[INFO] [stderr]    Compiling ryu v1.0.5
[INFO] [stderr]    Compiling log v0.4.11
[INFO] [stderr]    Compiling serde_json v1.0.59
[INFO] [stderr]     Checking hashbrown v0.9.1
[INFO] [stderr]     Checking itoa v0.4.6
[INFO] [stderr]    Compiling num-traits v0.2.14
[INFO] [stderr]    Compiling indexmap v1.6.0
[INFO] [stderr]     Checking weasel v0.11.0 (/opt/rustwide/workdir)
[INFO] [stdout] error[E0432]: unresolved import `weasel::FlatVersionedEvent`
[INFO] [stdout]  --> examples/autosave/main.rs:9:46
[INFO] [stdout]   |
[INFO] [stdout] 9 |     CreateTeam, EventReceiver, EventTrigger, FlatVersionedEvent, Server,
[INFO] [stdout]   |                                              ^^^^^^^^^^^^^^^^^^ no `FlatVersionedEvent` in the root
[INFO] [stdout] 
[INFO] [stdout] 
[INFO] [stdout] error[E0432]: unresolved import `weasel::FlatVersionedEvent`
[INFO] [stdout]  --> examples/autosave/sink.rs:5:27
[INFO] [stdout]   |
[INFO] [stdout] 5 | use weasel::{BattleRules, FlatVersionedEvent, VersionedEventWrapper, WeaselResult};
[INFO] [stdout]   |                           ^^^^^^^^^^^^^^^^^^ no `FlatVersionedEvent` in the root
[INFO] [stdout]   |
[INFO] [stdout]   = help: consider importing this unresolved item instead:
[INFO] [stdout]           crate::FlatVersionedEvent
[INFO] [stdout] 
[INFO] [stdout] 
[INFO] [stdout] error[E0432]: unresolved import `weasel::rules::entropy::UniformDistribution`
[INFO] [stdout]  --> examples/initiative/rules.rs:3:5
[INFO] [stdout]   |
[INFO] [stdout] 3 | use weasel::rules::entropy::UniformDistribution;
[INFO] [stdout]   |     ^^^^^^^^^^^^^^^^^^^^^^^^^^^^^^^^^^^^^^^^^^^ no `UniformDistribution` in `rules::entropy`
[INFO] [stdout] 
[INFO] [stdout] 
[INFO] [stdout] error[E0432]: unresolved import `weasel::FlatVersionedEvent`
[INFO] [stdout]   --> examples/pirates/game.rs:12:33
[INFO] [stdout]    |
[INFO] [stdout] 12 |     EventTrigger, EventWrapper, FlatVersionedEvent, RemoveCreature, ResetEntropy, Server,
[INFO] [stdout]    |                                 ^^^^^^^^^^^^^^^^^^ no `FlatVersionedEvent` in the root
[INFO] [stdout] 
[INFO] [stdout] 
[INFO] [stdout] error[E0432]: unresolved import `weasel::rules::entropy::UniformDistribution`
[INFO] [stdout]  --> examples/pirates/rules.rs:2:5
[INFO] [stdout]   |
[INFO] [stdout] 2 | use weasel::rules::entropy::UniformDistribution;
[INFO] [stdout]   |     ^^^^^^^^^^^^^^^^^^^^^^^^^^^^^^^^^^^^^^^^^^^ no `UniformDistribution` in `rules::entropy`
[INFO] [stdout] 
[INFO] [stdout] 
[INFO] [stdout] error[E0432]: unresolved import `rand`
[INFO] [stdout]  --> examples/pirates/game.rs:3:5
[INFO] [stdout]   |
[INFO] [stdout] 3 | use rand::Rng;
[INFO] [stdout]   |     ^^^^ use of undeclared crate or module `rand`
[INFO] [stdout] 
[INFO] [stdout] 
[INFO] [stdout] error: aborting due to 2 previous errors
[INFO] [stdout] 
[INFO] [stdout] 
[INFO] [stdout] For more information about this error, try `rustc --explain E0432`.
[INFO] [stdout] 
[INFO] [stderr] error: could not compile `weasel` (example "autosave") due to 3 previous errors
[INFO] [stderr] warning: build failed, waiting for other jobs to finish...
[INFO] [stdout] error[E0433]: failed to resolve: use of undeclared crate or module `rand`
[INFO] [stdout]    --> examples/pirates/game.rs:114:23
[INFO] [stdout]     |
[INFO] [stdout] 114 |         let mut rng = rand::thread_rng();
[INFO] [stdout]     |                       ^^^^ use of undeclared crate or module `rand`
[INFO] [stdout] 
[INFO] [stdout] 
[INFO] [stdout] error: aborting due to previous error
[INFO] [stdout] 
[INFO] [stdout] 
[INFO] [stdout] For more information about this error, try `rustc --explain E0432`.
[INFO] [stdout] 
[INFO] [stderr] error: could not compile `weasel` (example "initiative") due to 2 previous errors
[INFO] [stdout] error: aborting due to 4 previous errors
[INFO] [stdout] 
[INFO] [stdout] 
[INFO] [stdout] Some errors have detailed explanations: E0432, E0433.
[INFO] [stdout] 
[INFO] [stdout] For more information about an error, try `rustc --explain E0432`.
[INFO] [stdout] 
[INFO] [stderr] error: could not compile `weasel` (example "pirates") due to 5 previous errors
[INFO] running `Command { std: "docker" "inspect" "f33bd86f86d61e84ab557af3371a7ae296483b2323ca35dadadd2691ed693f99", kill_on_drop: false }`
[INFO] running `Command { std: "docker" "rm" "-f" "f33bd86f86d61e84ab557af3371a7ae296483b2323ca35dadadd2691ed693f99", kill_on_drop: false }`
[INFO] [stdout] f33bd86f86d61e84ab557af3371a7ae296483b2323ca35dadadd2691ed693f99
